{"id":24,"date":"2016-11-02T00:07:10","date_gmt":"2016-11-02T02:07:10","guid":{"rendered":"http:\/\/www.ceacaminhodaluz.org.br\/?page_id=24"},"modified":"2022-07-02T11:28:55","modified_gmt":"2022-07-02T14:28:55","slug":"evangelizacao","status":"publish","type":"page","link":"https:\/\/www.ceacaminhodaluz.org.br\/index.php\/evangelizacao\/","title":{"rendered":""},"content":{"rendered":"<p><img loading=\"lazy\" decoding=\"async\" class=\"size-full wp-image-60 aligncenter\" src=\"https:\/\/www.ceacaminhodaluz.org.br\/wp-content\/uploads\/2016\/11\/evangelizacao.png\" alt=\"evangelizacao\" width=\"184\" height=\"155\" \/><\/p>\n<p style=\"text-align: center;\">DEPARTAMENTO DE INF\u00c2NCIA E JUVENTUDE (DIJ)<\/p>\n<p>Nossos filhos no mundo s\u00e3o consci\u00eancias que gravitam em torno de nossa vida refletindo, agora ou mais tarde, o nosso devotamento ou a nossa deser\u00e7\u00e3o. N\u00e3o vale iludir a crian\u00e7a com a fantasia do dinheiro ou do privil\u00e9gio, anestesiando-se na leviandade.<\/p>\n<p>O lar \u00e9, antes de tudo, a escola do car\u00e1ter e, somente quando os respons\u00e1veis por ele se entregarem, felizes, ao sacrif\u00edcio pr\u00f3prio, para a vit\u00f3ria do amor, \u00e9 que a vida na Terra ser\u00e1 realmente de paz e trabalho, crescimento e progresso, porque o homem encontrar\u00e1 na crian\u00e7a as bases justas do programa da reden\u00e7\u00e3o.<\/p>\n<p><em>Emmanuel<\/em><br \/>\n<em><span style=\"line-height: 1.5;\">Livro: Vida em Vida<\/span><\/em><\/p>\n<p style=\"text-align: center;\"><strong>ESCOLA DE EVANGELHO \u2018MARIA STELLA\u2019 <\/strong><\/p>\n<p style=\"text-align: center;\">Evangeliza\u00e7\u00e3o Infanto-juvenil e Grupo de Pais ou respons\u00e1veis<br \/>\n(crian\u00e7as a partir de 1 ano de idade)<br \/>\nS\u00c1BADOS, das 15:45 \u00e0s 17:30<\/p>\n<p style=\"text-align: center;\">Evangelize, coopere com Jesus!<br \/>\nTragam seus filhos, netos, sobrinhos e fiquem tamb\u00e9m!<\/p>\n","protected":false},"excerpt":{"rendered":"<p>DEPARTAMENTO DE INF\u00c2NCIA E JUVENTUDE (DIJ) Nossos filhos no mundo s\u00e3o consci\u00eancias que gravitam em torno de nossa vida refletindo, agora ou mais tarde, o nosso devotamento ou a nossa deser\u00e7\u00e3o. N\u00e3o vale iludir a crian\u00e7a com a fantasia do dinheiro ou do privil\u00e9gio, anestesiando-se na leviandade. O lar \u00e9, antes de tudo, a escola [&hellip;]<\/p>\n","protected":false},"author":1,"featured_media":0,"parent":0,"menu_order":0,"comment_status":"closed","ping_status":"closed","template":"","meta":{"footnotes":""},"class_list":["post-24","page","type-page","status-publish","hentry"],"_links":{"self":[{"href":"https:\/\/www.ceacaminhodaluz.org.br\/index.php\/wp-json\/wp\/v2\/pages\/24","targetHints":{"allow":["GET"]}}],"collection":[{"href":"https:\/\/www.ceacaminhodaluz.org.br\/index.php\/wp-json\/wp\/v2\/pages"}],"about":[{"href":"https:\/\/www.ceacaminhodaluz.org.br\/index.php\/wp-json\/wp\/v2\/types\/page"}],"author":[{"embeddable":true,"href":"https:\/\/www.ceacaminhodaluz.org.br\/index.php\/wp-json\/wp\/v2\/users\/1"}],"replies":[{"embeddable":true,"href":"https:\/\/www.ceacaminhodaluz.org.br\/index.php\/wp-json\/wp\/v2\/comments?post=24"}],"version-history":[{"count":7,"href":"https:\/\/www.ceacaminhodaluz.org.br\/index.php\/wp-json\/wp\/v2\/pages\/24\/revisions"}],"predecessor-version":[{"id":656,"href":"https:\/\/www.ceacaminhodaluz.org.br\/index.php\/wp-json\/wp\/v2\/pages\/24\/revisions\/656"}],"wp:attachment":[{"href":"https:\/\/www.ceacaminhodaluz.org.br\/index.php\/wp-json\/wp\/v2\/media?parent=24"}],"curies":[{"name":"wp","href":"https:\/\/api.w.org\/{rel}","templated":true}]}}